at are the prime factors of 58029743?
19, 3054197
List the prime factors of 953435499.
3, 37, 71, 311, 389
List the prime factors of 116556600.
2, 3, 5, 79, 2459
List the prime factors of 37781226.
2, 3, 7, 23, 13037
What are the prime factors of 80412813?
3, 13, 687289
List the prime factors of 49307145.
3, 5, 3287143
List the prime factors of 155498013.
3, 11, 37, 42451
What are the prime factors of 1142669505?
3, 5, 1531, 49757
List the prime factors of 4935436.
2, 11, 223, 503
List the prime factors of 56991587.
56991587
What are the prime factors of 305229961?
139, 2195899
What are the prime factors of 131868038?
2, 65934019
What are the prime factors of 3937354906?
2, 1968677453
What are the prime factors of 454028909?
454028909
What are the prime factors of 634060742?
2, 7, 19, 89, 26783
What are the prime factors of 4948459604?
2, 11, 112464991
List the prime factors of 1343044351.
11, 122094941
What are the prime factors of 28955926?
2, 67, 281, 769
What are the prime factors of 132826413?
3, 31, 79, 101, 179
What are the prime factors of 348210041?
23, 251, 60317
List the prime factors of 1083334671.
3, 179, 613, 1097
List the prime factors of 245215423.
521, 470663
List the prime factors of 15159738.
2, 3, 11, 229693
What are the prime factors of 222318154?
2, 41, 2711197
What are the prime factors of 1208285353?
11, 17, 47, 137477
What are the prime factors of 232609974?
2, 3, 41, 73, 12953
What are the prime factors of 495111936?
2, 3, 11, 103, 569
What are the prime factors of 11038120?
2, 5, 107, 2579
What are the prime factors of 1089291012?
2, 3, 197, 2339
List the prime factors of 179497541.
19, 9447239
What are the prime factors of 233582717?
233582717
List the prime factors of 487677745.
5, 149, 654601
List the prime factors of 1377889233.
3, 7, 65613773
List the prime factors of 10205610.
2, 3, 5, 17, 20011
List the prime factors of 68761151.
3709, 18539
What are the prime factors of 26925964?
2, 13, 19, 27253
List the prime factors of 149568812.
2, 4729, 7907
List the prime factors of 42433964.
2, 199, 53309
List the prime factors of 24405517.
3221, 7577
What are the prime factors of 186871695?
3, 5, 719, 17327
List the prime factors of 819706127.
379, 2162813
What are the prime factors of 87070253?
59, 25013
What are the prime factors of 2633933349?
3, 19, 5134373
List the prime factors of 115694805.
3, 5, 7712987
What are the prime factors of 1009791317?
43, 1993, 11783
List the prime factors of 225917900.
2, 5, 13, 173783
What are the prime factors of 235221431?
235221431
List the prime factors of 63557248.
2, 683, 727
What are the prime factors of 4140656138?
2, 251, 487, 16937
What are the prime factors of 118094658?
2, 3, 11, 61, 29333
What are the prime factors of 12324113?
23, 23297
What are the prime factors of 902376?
2, 3, 83, 151
List the prime factors of 81802040.
2, 5, 29, 97, 727
What are the prime factors of 932200831?
17, 54835343
List the prime factors of 130136660.
2, 5, 1021, 6373
What are the prime factors of 1424640501?
3, 19, 193, 14389
List the prime factors of 26778085.
5, 61, 87797
What are the prime factors of 3099561749?
151, 2477, 8287
What are the prime factors of 17468231?
11, 17, 109, 857
List the prime factors of 1210248494.
2, 7, 13, 31, 214507
What are the prime factors of 164698709?
7, 23528387
What are the prime factors of 95591242?
2, 19, 199, 12641
What are the prime factors of 133378865?
5, 26675773
What are the prime factors of 403620211?
19, 4241, 5009
List the prime factors of 567638864.
2, 13, 109, 25037
What are the prime factors of 4391543042?
2, 23, 47, 277, 7333
What are the prime factors of 3453114908?
2, 313, 2758079
What are the prime factors of 1155920943?
3, 197, 1955873
List the prime factors of 149851554.
2, 3, 37, 761, 887
List the prime factors of 333973420.
2, 5, 11, 1518061
What are the prime factors of 1063877284?
2, 149, 1785029
What are the prime factors of 984656820?
2, 3, 5, 7, 41, 211, 271
What are the prime factors of 64265892?
2, 3, 37, 53, 2731
What are the prime factors of 95217710?
2, 5, 7, 1360253
What are the prime factors of 647579799?
3, 761, 31517
List the prime factors of 927312154.
2, 7517, 61681
List the prime factors of 21921856.
2, 11, 31139
What are the prime factors of 416625841?
23, 18114167
List the prime factors of 2418675172.
2, 604668793
What are the prime factors of 1103689404?
2, 3, 19, 31, 52051
What are the prime factors of 162432277?
7, 29, 800159
List the prime factors of 160883970.
2, 3, 5, 13, 73, 5651
List the prime factors of 3525582001.
47, 109, 688187
List the prime factors of 286632234.
2, 3, 7, 2274859
What are the prime factors of 2792180426?
2, 7, 28491637
List the prime factors of 933346912.
2, 1439, 20269
List the prime factors of 46447305.
3, 5, 19, 162973
List the prime factors of 125727746.
2, 4289, 14657
List the prime factors of 52285366.
2, 7, 37, 100937
What are the prime factors of 687672325?
5, 307, 89599
What are the prime factors of 1952082177?
3, 2713, 239843
List the prime factors of 111412546.
2, 7, 7958039
List the prime factors of 413184547.
29, 89, 160087
List the prime factors of 91295770.
2, 5, 29, 314813
What are the prime factors of 9205771?
41, 113, 1987
What are the prime factors of 1046879837?
7753, 135029
What are the prime factors of 514278997?
514278997
What are the prime factors of 38643745?
5, 7, 1104107
List the prime factors of 120280243.
5147, 23369
List the prime factors of 58625368.
2, 89, 82339
What are the prime factors of 46783552?
2, 730993
What are the prime factors of 5761094363?
1009, 1049, 5443
List the prime factors of 198257434.
2, 17, 43, 135607
List the prime factors of 37578380.
2, 5, 7, 47, 5711
What are the prime factors of 1118778914?
2, 11, 4021, 12647
What are the prime factors of 918730169?
7, 443, 296269
What are the prime factors of 125749985?
5, 25149997
List the prime factors of 154474350.
2, 3, 5, 137, 7517
What are the prime factors of 2003430806?
2, 13, 41, 1879391
What are the prime factors of 53306599?
127, 421, 997
List the prime factors of 6033510.
2, 3, 5, 7, 61, 157
What are the prime factors of 58323374?
2, 29161687
What are the prime factors of 28568236?
2, 31, 230389
List the prime factors of 32580509.
13, 2506193
What are the prime factors of 1347713558?
2, 673856779
List the prime factors of 280387048.
2, 2447, 14323
What are the prime factors of 484436533?
7, 1427, 48497
What are the prime factors of 89319041?
7, 43, 296741
List the prime factors of 1499629497.
3, 499876499
What are the prime factors of 1305139003?
7, 4093, 45553
List the prime factors of 52411113.
3, 167, 34871
List the prime factors of 133169449.
7, 17, 463, 2417
List the prime factors of 26304525.
3, 5, 13, 17, 23
List the prime factors of 150409300.
2, 5, 1504093
What are the prime factors of 2792236998?
2, 3, 19, 24493307
List the prime factors of 886764339.
3, 98529371
What are the prime factors of 102791173?
71, 89, 16267
What are the prime factors of 1876172738?
2, 11, 79, 439, 2459
List the prime factors of 271405988.
2, 7, 101, 95971
List the prime factors of 388494511.
31, 1223, 10247
What are the prime factors of 1352398570?
2, 5, 135239857
List the prime factors of 759493701.
3, 173, 487793
What are the prime factors of 409569572?
2, 102392393
List the prime factors of 1699699248.
2, 3, 13, 31, 751
What are the prime factors of 415742271?
3, 7, 31, 638621
List the prime factors of 134245482.
2, 3, 7, 3196321
What are the prime factors of 6606395930?
2, 5, 71, 9304783
List the prime factors of 1304612287.
11, 118601117
What are the prime factors of 3033653265?
3, 5, 67414517
What are the prime factors of 6101558515?
5, 13, 93870131
List the prime factors of 36752943.
3, 12250981
List the prime factors of 3533441722.
2, 29, 2819, 21611
What are the prime factors of 6775608207?
3, 97, 23283877
What are the prime factors of 477364373?
79, 1783, 3389
List the prime factors of 819748297.
53, 127, 121787
What are the prime factors of 485200853?
19, 25536887
List the prime factors of 114552583.
47, 103, 23663
List the prime factors of 168854708.
2, 11, 223, 17209
List the prime factors of 59877144.
2, 3, 10267
What are the prime factors of 962189802?
2, 3, 7, 113, 67579
L